 = -34*k - 3. Is b(-4) prime?
False
Let i be ((-12)/15)/((-2)/10). Is i/(8/(-6)) + 17 a composite number?
True
Suppose -5*q + 0*g - 2*g = 24, -2*g + 30 = -4*q. Let m(p) = -14*p + 5. Is m(q) composite?
False
Suppose -3539 - 811 = -5*k. Suppose 85 + k = 5*l. Is l composite?
False
Suppose 2*q - 58 = q. Is q composite?
True
Suppose 4*i = v + 154, 0*v - 3*v = 4*i - 162. Suppose 49 = 4*s + 3*z, z = -3*s - 2*z + i. Is (-330)/(-25)*s/4 a prime number?
False
Let g(q) = 10*q**2 + 5*q + 3. Let c(z) = 5*z**2 + 2*z + 1. Let o(p) = 5*c(p) - 2*g(p). Suppose i - 4*f = -22, -4*f + 10 = 3*i + 2*i. Is o(i) prime?
True
Let j be 1 + 0 + 1 + -2. Suppose 2*x - 56 = 12. Suppose j = 2*d - 2*q - x, -2*d - 3*d = 5*q - 125. Is d a prime number?
False
Let k(b) = b**3 + 13*b**2 + b + 3. Let z be k(-7). Suppose 0*f + 2*f = z. Is f a composite number?
True
Let v(u) = -u**2 + 3*u - 3. Let z be v(2). Is 79 + -3 + z/(-1) a composite number?
True
Let n be (-7)/14 + (-9)/2. Is (-487)/n + (-4)/10 composite?
False
Let a(v) = -v**2 - 12*v - 4. Let t be a(-11). Suppose 3*d - t*d + 716 = 0. Is d composite?
False
Suppose 0 = 4*s + 12, 4*s - 18 = -5*j - 0. Let g be (-15)/j*12/(-10). Suppose g*a + 5 - 23 = 0. Is a a prime number?
False
Let a be ((-10)/(-15))/((-6)/(-621)). Let m = a + 234. Is m a composite number?
True
Let w = -956 + 3057. Is w a prime number?
False
Let t = -50 - -22. Is (-2200)/t + 6/14 a prime number?
True
Let a = -62 - -105. Is a a composite number?
False
Let k(x) = -43*x - 4. Let i be (-2 - 4) + -3 + 4. Is k(i) prime?
True
Let q be 1*(0 - 1)*31. Let v = q - -93. Suppose -3*p - 4*r + 193 = 0, 0 = 2*p - 4*r - 80 - v. Is p composite?
False
Suppose 0*d + 212 = n + 3*d, n + 2*d - 211 = 0. Is n a prime number?
False
Let d(t) = 78*t**3 - 2*t + 1. Let b = 1 - 0. Let a be d(b). Let p = a + -40. Is p a composite number?
False
Let k(w) = -1113*w + 1. Is k(-2) a prime number?
False
Is -18 - -19 - (2 - 4838) composite?
True
Suppose 3*x - 232 = 5*y, -4*y + 8*y - 83 = -x. Is x a composite number?
False
Let y(n) be the third derivative of n**2 - 1/6*n**4 + 0 + 1/15*n**5 + 0*n - 1/6*n**3. Is y(3) a prime number?
True
Suppose 3*i = -10 - 2. Let g be (-1976)/7 - 6/(-21). Is g/i*(-8)/(-12) a prime number?
True
Let w(t) = 3*t - 1. Let a be w(1). Let m = 1 + a. Is m a prime number?
True
Let f(j) = -j**3 + 6*j**2 - 5*j + 3. Let w be f(5). Suppose -818 + w = -5*t. Is t a composite number?
False
Let h(l) be the third derivative of 0*l - 2*l**2 + 0 - 1/3*l**4 + 1/20*l**5 - 5/3*l**3. Is h(9) prime?
False
Let z(t) = t. Let s be z(-6). Let g = 10 + s. Suppose g*m + 12 = 0, 2*i - 117 = -i - 4*m. Is i a composite number?
False
Let z = 872 + -500. Let k = z + 181. Is k prime?
False
Let o(y) = y**2 - 5*y - 4. Let p be o(-3). Suppose 3*k + 157 = 3*c + k, p = -4*k. Suppose 2*t + 3*h = -3, 4*t - 5*h = -0*h + c. Is t composite?
True
Suppose -4*n + 28 = 2*j, 13 - 89 = -5*j - 4*n. Suppose 5*y - j + 1 = 0. Is (y + -2)*7 + 0 composite?
False
Let s = 1377 - 958. Is s a composite number?
False
Suppose 54 = p + s, 5*p = -0*p + s + 276. Suppose 5*r - 240 = -p. Is r prime?
True
Let z(c) be the first derivative of c**2/2 - 3*c - 2. Let y be z(5). Is ((-51)/(-6))/(y/12) composite?
True
Suppose 2*j - 3 = 5*j. Is 2/((-18)/(-14) + j) a prime number?
True
Let z = -9 - 0. Let o = z - -4. Let i = 16 - o. Is i composite?
True
Let f(c) = -10*c**3 - 5*c**2 + 2*c + 1. Is f(-4) a prime number?
False
Let a be 7*1*(-6)/(-2). Let i(b) = b**2 + 3*b - 14. Let r be i(0). Let w = r + a. Is w prime?
True
Let o(s) be the first derivative of s**5/20 + s**4/24 - s**3/3 - 2. Let j(y) be the third derivative of o(y). Is j(5) a prime number?
True
Suppose l - 38 = -5*v, 0*l - 3*v = l - 36. Is l a prime number?
False
Let d(s) = 67*s**3 - s**2 - s - 4. Is d(3) composite?
True
Suppose -142 + 648 = 2*u. Is u a composite number?
True
Let t(j) be the first derivative of 14*j**3/3 - 7*j**2/2 + j - 1. Is t(-6) composite?
False
Let q(o) = 2*o**3 - 4*o**2 + 2*o + 1. Let v be q(2). Let l be (8/(-20))/((-1)/v). Let c = 75 + l. Is c prime?
False
Suppose 2*p = 2*l + 4, -6*p + 3*p = 3*l - 6. Suppose 4*d + 320 = 4*a, 0 = p*a + 4*d + 10 - 164. Is a a prime number?
True
Let v = 6 + -5. Let w = 1 + v. Is w*((-441)/(-6) - 1) prime?
False
Let s(v) = 1096*v**2 + 7. Is s(2) composite?
False
Let h be 1 - 4*(0 + -1). Suppose h = -t + 60. Is t a prime number?
False
Let t = -5 - -10. Suppose 0 = -t*u + u - 4. Is (-1 + -1 - u) + 68 prime?
True
Let u = 651 - 236. Is u a composite number?
True
Let a(t) = -t**3 - 2*t**2 + 3*t - 1. Let p be a(-3). Is (-69)/6*2*p a composite number?
False
Let l(p) = -p**2 + 10*p. Let k be l(6). Suppose 5*j + k = 809. Is j prime?
True
Let o(c) be the first derivative of 49*c**2/2 - 15*c + 7. Is o(16) prime?
True
Suppose 280 = -v + 2*l, -2*v - l - 578 = l. Let i = 705 + v. Suppose 5*a = i + 96. Is a prime?
True
Suppose -2*z - 3*f = -166, -2*z = 3*z - 5*f - 465. Is z composite?
False
Suppose 0 = 5*a - 2*a - 15. Let u(b) = -2 - 4 + 4*b + 5 + 0*b. Is u(a) a composite number?
False
Suppose 0 = 2*n - 714 - 40. Is n composite?
True
Let w = 2651 - 1306. Is w prime?
False
Suppose 11*f = 16*f - 955. Is f composite?
False
Let c(m) = -m + 1. Let z be c(-3). Suppose -z*s - 93 = -7*s. Is s a composite number?
False
Is (130 - (3 - 0))/1 composite?
False
Let z = 162 + 49. Is z a prime number?
True
Let s = 35 + -29. Is (s + -4)*145/2 prime?
False
Let r be 1 + (-9)/3*3. Let q = r - -30. Let u = q + -15. Is u a composite number?
False
Suppose -5*d + 2031 = 4*u, 4*d - 1001 = -u + 626. Is d a composite number?
True
Let z = -13 - -44. Suppose f + k = 20, -5*k - 4 = -4*f + z. Is f prime?
False
Let w(d) = d**2 - 9*d + 10. Let z be w(8). Let i be (3 - z)/((-2)/18). Is 3/i + 58/3 prime?
True
Suppose 3*x + 2*b = -0*x + 67, -x - 2*b + 17 = 0. Suppose 5*h + x = 10. Is (-903)/h - -3 - -3 composite?
False
Is -4 + 3 - -1 - -149 a prime number?
True
Let t = 4 + -1. Let z be 185/3*t/1. Let u = z - -18. Is u a composite number?
True
Suppose -3*i + d = -2*i - 84, d = -i + 82. Is i a prime number?
True
Let z be -2 - ((-3)/(-3) + -5). Suppose -g - 3 = -z*g. Is g a composite number?
False
Let a(u) = 9*u + 3. Let r be a(4). Suppose -5*z + 226 = -r. Is z a prime number?
True
Let m = 140 - 6. Is m prime?
False
Let n(t) = -2*t**3 - 5*t**2 + 3*t - 4. Is n(-5) composite?
True
Let u = 44 - -9. Is u a prime number?
True
Let y(z) = -z**3 + 16*z**2 - 11*z - 6. Is y(11) a composite number?
True
Let g = 37 + -25. Suppose w - 3*s = -5*s - 14, w + 4*s = -g. Is w/(-40) - (-183)/5 a composite number?
False
Let y be 1*6*(-4)/(-8). Suppose -38 = -c + y*d, -d + 116 = 2*c + d. Is c a composite number?
False
Suppose 5*j - 10 = -2*h, 2 = 4*h - 18. Suppose j = -4*c - 32 + 260. Is c composite?
True
Suppose -189 = b + 2*b. Let f = b - 28. Is (-2)/((-180)/f + -2) prime?
False
Suppose 0 = -2*k + i + 2132, 5*i + 884 = k - 164. Let l = -6 + 12. Is ((-4)/l)/((-8)/k) a prime number?
True
Let p(o) = 11*o**2 - 2*o - 11. Is p(8) a composite number?
False
Suppose -10 = -4*t + 2*t. Let k(m) = m**3 - m**2 + 2*m + 5. Is k(t) a prime number?
False
Let f(d) be the second derivative of d**4/12 + 2*d**3/3 - d**2/2 + d. Let q be f(-5). Suppose 49 = q*u - 267. Is u a composite number?
False
Let o(q) = -4 + 11*q**2 + 1 + 1 - q**3 - 13*q. Is o(9) a composite number?
False
Suppose 0 = -5*x - 0*z - 2*z + 2, -4*x = -4*z + 4. Let o = x + -2. Let m(a) = 4*a**2 + 3*a + 3. Is m(o) composite?
False
Is (-1228)/6*12/(-8) composite?
False
Let r(n) = 4*n - 2. Is r(2) a composite number?
True
Let o(m) = m**2 - 5*m - 8. Let k be o(7). Suppose k*w = 3*w + 117. Is w composite?
True
Suppose 4*a = -48 + 196. Is a composite?
False
Suppose 3*n - 4 = -2*g, 5*g - 4*n + 9 + 4 = 0. Let u(w) = 7*w**2 + 1. Let f be u(g). Suppose 5*q - q = -2*p + 270, 0 = 2*q + f. Is p prime?
False
Suppose 6*b - 2*b = -4. Let f be (4 - 2)*(2 + -1). Is 14 - (-1 + f) - b composite?
True
Let l = 13 - 8. Suppose 0*m = l*m + 515. Let i = -54 - m. Is i a prime number?
False
Let m = -3 + 4. Let v be (-1 - -2)*(1 - m). Suppose -3*x = -2*u - 237, v*x - 316 = -4*x + 4*u. Is x prime?
True
Let u(w) = 6 + 0*w - 3 + 0*w - 2*w. Suppose -2*f = 2*f + 36. Is u(f) composite?
True
Let o = 350 + -696. Let d be o*((-3)/6)/1. Suppose -v = 4*v + 5*q - 185, 0 = -5*v - q + d. Is v compo